-2)/6) + 18?
5
Let t = -1392 + 897. What is the units digit of (-2)/(-10) + t/(-25)?
0
Suppose -4 + 14 = -5*m. Let o(c) = c**3 - 3*c**2 - 4*c - 3. Let q(v) = v**2. Let j(n) = o(n) + 5*q(n). What is the units digit of j(m)?
5
Suppose -4*p + 1250 = 370. Let j be ((-10)/(-25))/(2/p). What is the tens digit of (-2)/(-1)*j/8?
1
Suppose -4*k = 3*t - 29 - 51, k + 3*t - 20 = 0. What is the tens digit of k?
2
Let u(p) = 6*p - 70. What is the units digit of u(13)?
8
Let c(z) = -z. Let p be c(-3). Let o = p + 14. What is the tens digit of o?
1
Let g = -146 + 238. Suppose -2*d + g = 4*i - 6*d, -3*i - 5*d + 37 = 0. What is the units digit of i?
9
Let v(j) = j**2 + 11*j + 8. Let b be v(-11). What is the units digit of -2 - (-3 - -2)*b?
6
Let r be ((-75)/2)/((-2)/(-8)). Let u be 1/4 - r/8. Suppose 4*z - 21 - u = 0. What is the tens digit of z?
1
Let x(k) = k**2 - 9*k + 11. What is the tens digit of x(11)?
3
What is the units digit of 3/9*-3*-39?
9
Suppose -6 + 2 = 4*v. Let p = v - -4. Suppose -3*o + 24 = o + 2*l, -o - 5*l = p. What is the units digit of o?
7
Let x be 5/25 - (-8)/10. Suppose x - 7 = -3*f. Suppose 2*m - 2*r = -2, 5*m + 5*r = f*r + 19. What is the units digit of m?
2
What is the hundreds digit of (105/(-14) - -8)/(1/442)?
2
Let v = 7 + -9. What is the units digit of -1*(-12 + v + 0)?
4
Let j(o) = -4*o + 2*o + o. Let r(b) = -3. Let a(n) = 2*j(n) + r(n). What is the units digit of a(-5)?
7
Suppose 11*z - 5*z - 744 = 0. What is the units digit of z?
4
Let y = -32 - -61. What is the units digit of y?
9
Suppose -11 + 3 = 4*l, -3*l - 81 = -3*d. What is the units digit of d?
5
Suppose 4*r - r - 1 = 5*m, 3*r - 4 = 2*m. Suppose -4*i = -4*n - n + 7, 5*i + r*n = 16. Let s = i + 4. What is the units digit of s?
6
What is the units digit of 58/8*(-2 + 10)?
8
Let a(n) = 8*n - 23. Let o(c) = 17*c - 47. Let p(u) = 13*a(u) - 6*o(u). Let y be p(12). What is the units digit of 96/42 - 2/y?
2
Suppose 7 - 37 = -g. What is the tens digit of g?
3
Let p(c) = -3*c**2 - 9*c - 7. Let o(z) = -z**2 - z + 1. Let k(n) = 2*o(n) - p(n). Suppose 0 = 5*u + 7 + 28. What is the units digit of k(u)?
9
Let y(p) be the third derivative of p**4/8 + p**3 + 2*p**2. What is the units digit of y(5)?
1
What is the units digit of (4 - 3 - 0)*7?
7
Suppose -7*r + 24 = -3*r. What is the units digit of r?
6
Suppose 24 = -0*o + o. Suppose -2*s - o + 6 = 0. Let u = -3 - s. What is the units digit of u?
6
What is the units digit of (3/(-12))/(4/(-80))?
5
Let y = 295 + -28. What is the tens digit of y?
6
Suppose 6*z = 3*z + 393. What is the units digit of z?
1
Let b(i) = -i**3 + 3*i**2 + 4*i. Let p be b(4). Suppose p*g + g - 9 = 0. What is the units digit of g?
9
Suppose -7*q = 5*t - 3*q - 79, 3*q = 3. What is the tens digit of t?
1
Let q(z) be the first derivative of -z**4/4 + 5*z**3/3 - z**2 + 3*z + 1. What is the tens digit of q(4)?
1
Let f(w) be the first derivative of w**3/3 - 7*w**2/2 + 2*w + 3. Let r be f(8). Suppose -r = -2*x, 3*l - 4*x - 1 = 3. What is the units digit of l?
8
Suppose 2*s - 5*x - 2 = -7, -2*x + 2 = -4*s. Suppose 32 = 3*t + 5*h, 3*t - 2*h - 46 = -s*h. What is the units digit of t?
4
Let p = -107 + 123. What is the units digit of p?
6
Let r be 14/(-21) + (-16)/(-6). What is the units digit of r/(-8) - (-260)/16?
6
Suppose 0 = 5*k - 107 - 68. What is the tens digit of k?
3
Suppose 0 = 5*g - 212 + 122. What is the tens digit of g?
1
Let w(r) = -r - 7. Let m be w(-5). What is the units digit of (11/(-3))/(m/6)?
1
Let o(s) = s - 8. Let b(g) = 2*g**2. Let r be b(2). Let p be o(r). Suppose 5*m - 3 - 7 = p. What is the units digit of m?
2
Let t(b) = b**3 + 15*b**2 - 15*b + 14. Let q be t(-16). Let u = 1 + -2. What is the units digit of -2*(q + 1/u)?
6
Let n(y) = -y**2 + 8*y - 8. Let r be n(6). Let f be r/(-14) + (-676)/(-14). Suppose 4*u + f = 4*o, -3*o + 36 = -2*u + 3. What is the units digit of o?
9
Suppose 142 = -0*j + j - 5*u, -2*j = 2*u - 224. What is the tens digit of j?
1
Let h(b) = -6*b + 29. Let y(i) = 7*i - 29. Let o(g) = 6*h(g) + 5*y(g). What is the units digit of o(13)?
6
Suppose 4*k - 3*k = 3. Suppose 3*h = -y - 0*h - 5, -5*h = k*y - 1. What is the units digit of y?
7
Let k(m) = 4*m - 2. What is the units digit of k(1)?
2
Suppose 0 = v - 7 + 2. Suppose -3*a + 16 = y, -5*a - v*y + 5 + 15 = 0. What is the units digit of a?
6
Let t(x) = 3*x + 1. Let g be t(3). Suppose h = -4 + g. Suppose 2*q = h*q - 32. What is the units digit of q?
8
Let v(j) = -j**2 + 3*j + 3. Let w = 5 - 1. Let q be v(w). What is the units digit of (-345)/(-35) + q/(-7)?
0
Let u(n) be the second derivative of n**7/840 + n**5/120 + n**4/6 + n**3/6 + n. Let d(y) be the second derivative of u(y). What is the units digit of d(0)?
4
Let j = 236 + -106. What is the units digit of j?
0
Let k(z) = -z**2 + z. Let s be k(0). Let d = 11 + s. What is the units digit of d?
1
Let x(p) = 8*p - 8. Let k(b) = -7*b + 7. Suppose 2*w + 4 = 3*w. Let d(n) = w*k(n) + 3*x(n). What is the units digit of d(-3)?
6
Suppose -p - 50 - 436 = -2*f, -5*p = -4*f + 984. What is the tens digit of f?
4
Let a(j) = -14*j**2 - j. Let g be a(1). Let n = -8 - g. Suppose -n*t = -4*t - 30. What is the tens digit of t?
1
What is the units digit of (2 + (-231)/(-6))*(-1 - -3)?
1
Suppose 4*r - 44 + 191 = 3*j, -3*r - 97 = -2*j. What is the tens digit of j?
5
Let z be ((-2)/4)/((-8)/(-96)). What is the units digit of (z - -26)*1*2?
0
Let z(r) = 38*r - 17. What is the units digit of z(4)?
5
Let b(i) = -12 - 2*i - i + i. Let y be b(-8). Suppose -5*a + a = -y. What is the units digit of a?
1
Suppose -j + 5*a + 230 = 4*j, 5*j - 180 = -5*a. What is the tens digit of j?
4
Suppose -4*q + 3*s + 1 = -0*q, 3*s + 17 = -4*q. Let h = -6 - q. What is the tens digit of (-4)/8 + (-54)/h?
1
Suppose 2*v - 5*v = -i + 19, -47 = -i - 4*v. Suppose -2*q = -119 + i. What is the tens digit of q?
4
Let j(o) = -o**3 - 3*o**2 + 4*o + 3. Let a = 4 + -6. Let l be j(a). Let w = l + 13. What is the units digit of w?
4
Let q(g) = g**3 - 3*g**2 + 1. Suppose -2*b + 5*d + 13 = 0, 2*b + 2*d = -3*b + 18. What is the units digit of q(b)?
7
Suppose 12 = -5*n + 2*n. Suppose 0 = 3*u - 6 + 3. What is the units digit of (u/(-2))/(n/8)?
1
Let m = -21 + 22. What is the units digit of m?
1
Suppose -4*q + 85 = -g, -4*g + 3 = -9. Let h = 11 + q. What is the tens digit of h?
3
Let y be (-10)/(-14) - 2/(-7). Let j be (y - -1)*116/4. Suppose -5*b + 50 = 3*m, -5*m - 2*b + j = -0*m. What is the tens digit of m?
1
Let g = 95 + -8. What is the tens digit of g?
8
Let g(u) = u**2 - 6*u + 2. Let z be g(6). What is the tens digit of ((-56)/6)/z*-3?
1
Suppose -s - 5 - 3 = x, 24 = -3*s + 3*x. Let w = -4 - s. Suppose -w*t = -2*i + 32, -2*i + 2*t - 20 = -7*i. What is the units digit of i?
6
Suppose v + 0*v = 5*k + 42, -5*v + 2*k = -187. What is the units digit of v?
7
Suppose -5*q = -3*x - 34, -4*q + 36 = -4*x + 4. Suppose -q*a - 4*s = -84, -92 = -4*a + 4*s - s. Suppose -a = -2*l + 4*m, -6*m = -m. What is the tens digit of l?
1
Let u(c) = -c**3 + 6*c**2 + 6*c + 9. Suppose -2*d + 7 = -d. Let x be u(d). What is the units digit of (3*2/3)/x?
1
Let w be (0 - 3)*(12 + -14). Let i(l) = -l**3 + 6*l**2 + 6*l - 6. What is the tens digit of i(w)?
3
Let b be -3 - -3*1/(-3). What is the tens digit of (b/(-10))/(2/60)?
1
Suppose 0 = p - 110 + 35. What is the tens digit of p?
7
Let x be (-24)/(-9) + (-12)/18. Let s(g) = g**2 + 5*g - 6. Let h be s(-6). Suppose h*z + x*z = 22. What is the tens digit of z?
1
Suppose 2*t = -3*w + 121, 0 = 2*t - 5*t + 4*w + 139. What is the tens digit of t?
5
Suppose -4*l + s = 52 - 260, 3*l - s - 155 = 0. What is the units digit of l?
3
Let b = 26 - 54. Let c = b + 43. What is the units digit of c?
5
Let k(p) = -p + 46. What is the tens digit of k(-15)?
6
Suppose 0 = -4*q + 101 + 35. Let b = q - 20. What is the units digit of (-2 - -1)*b/(-2)?
7
Let x(y) = y**3 - 10*y**2 - 4*y - 7. Let t be x(11). Let g = t - 43. What is the units digit of g?
7
Let v(g) = 6 + 2*g - 3 + g - 2. Let a be v(1). Suppose a*z = 29 + 15. What is the tens digit of z?
1
Let f = 5 - 1. What is the units digit of f?
4
Suppose -5*r + 3*n = -10*r + 207, r - 45 = 3*n. What is the units digit of r?
2
Let v(q) = -q**3 - 7*q**2 + 3*q - 6. Let d be v(-8). Let a = d - 17. What is the units digit of a?
7
Let i(l) = -l + 3. Let v b